 common factor of f and 26.
26
Let d(k) = k. Let p(h) = 2*h + 6. Let q(j) = 6*d(j) + p(j). Let f be q(2). What is the greatest common divisor of 88 and f?
22
Suppose 4*a + 37 = 5*m - 18, -2*a + 11 = m. Suppose -22 = -m*y - 0*y. What is the highest common divisor of y and 18?
2
Suppose 9555 = 21*w + 483. What is the greatest common divisor of 396 and w?
36
Let u be 0 - 3 - (11 - 18). Suppose 2*t = 6, -u*y = 5*t - t + 252. Let m be y*(11/(-3) + 3). Calculate the highest common divisor of 4 and m.
4
Let k be 4 + -4 + 1 - -1. Suppose -l + 30 = k*l. Let q = l + -4. Calculate the greatest common factor of 60 and q.
6
Let r(d) be the third derivative of d**6/120 + d**4/24 + 20*d**3/3 - 17*d**2. Let l be r(0). What is the highest common divisor of 24 and l?
8
Let x = -112 - -167. Suppose 5*q + 4*o + o - x = 0, 4*o + 4 = 0. Let l = q - -2. Calculate the highest common factor of l and 126.
14
Let h(p) = 7*p**2 - 12*p + 28. Let r be h(5). What is the highest common factor of 65 and r?
13
Let x(u) = 14*u + 580. Let d be x(-32). Calculate the highest common divisor of 220 and d.
44
Suppose 6*k - 2*k = 8. Suppose -12 = -k*w - 2*w. What is the greatest common divisor of 24 and w?
3
Suppose -5*a + 36 = -4*a. Let h = 163 - 116. Let n = 59 - h. What is the greatest common divisor of n and a?
12
Suppose -2*c - 5*b = -23, 12*b - 3 = 9*b. Calculate the highest common factor of 99 and c.
9
Let u be (1 + -1)/(1 - (-2 + 2)). Suppose u = 3*f - 8*f + 15. Calculate the highest common divisor of f and 27.
3
Suppose 2*o - 25 = -5*f + 3*o, 3*o = -f + 21. Let x be (-2)/(-3) - (-482)/f. Let t = 7 - -2. Calculate the highest common divisor of t and x.
9
Suppose 0 = -17*d + 2257 + 1007. What is the greatest common factor of 24 and d?
24
Suppose -q - 2 = -j + 1, 16 = 3*j + 4*q. Let f(d) = 5 - 5*d - 1 - j*d + d. Let n be f(-2). Calculate the greatest common factor of 5 and n.
5
Let t = -1692 + 1844. Suppose -5*a - 4*n + 36 = 0, -n + 12 = -3*a + 37. What is the highest common divisor of a and t?
8
Let h(z) = z**3 - 4*z**2 + 20. Let w be h(4). What is the greatest common divisor of 8 and w?
4
Let r be (-78)/9*1551/(-94). Calculate the greatest common factor of 1287 and r.
143
Suppose -8*d = -148 + 100. Let h be 4 - 2/1 - -2. What is the greatest common divisor of d and h?
2
Let u be ((-32)/(-4))/(-4)*1. Let c(a) = 2*a**3 + a. Let d be c(1). Let j be (1 - u) + d/1. What is the highest common factor of 6 and j?
6
Let x(v) = 15*v**2 + 17*v + 33. Let r be x(-2). Calculate the highest common factor of 118 and r.
59
Suppose -9*a + 6*a + 4*w - 1 = 0, 0 = -3*a + 2*w + 1. Let k be (1 + 4/12)*12. What is the greatest common divisor of k and a?
1
Let p = 58 - 19. Let j = p + 3. Let y = -1897 + 1911. Calculate the greatest common factor of j and y.
14
Let u = -204 - -360. Calculate the greatest common factor of 12 and u.
12
Suppose -f + 57 = -41. Suppose -288*p = -283*p - 20, -5*c + 62 = -2*p. What is the greatest common divisor of f and c?
14
Suppose 2*z + 1 - 31 = 4*y, -4*y - 2*z = 18. Let b be (3/y)/(3/(-300)). Calculate the greatest common factor of b and 10.
10
Suppose 10*d - 1709 = 501. What is the greatest common divisor of 17 and d?
17
Suppose 0*z - 2*z = -4. Let t(v) = -5*v + 7*v**z - 11*v**2 + 0*v**2 + 3*v**2 - 1. Let u be t(-4). Calculate the highest common divisor of u and 24.
3
Suppose 0 = -5*w + 19 + 1. Suppose 11 = -w*f - u + 118, 0 = -4*f - 3*u + 105. Calculate the highest common divisor of 9 and f.
9
Let g be 2 - 2 - (-1 + -1). Suppose -3*a - n + 6*n = -42, -4*n = a - 14. Calculate the greatest common factor of a and g.
2
Let j(p) = -p - 1. Let l be j(-22). Let d = l + -18. What is the greatest common factor of d and 21?
3
Let i(r) = 5*r**2 + 6*r - 16. Let h be i(2). Calculate the highest common factor of h and 40.
8
Let q = 142 - -29. Suppose q = 5*k + 71. What is the greatest common factor of k and 12?
4
Suppose -140 = -3*y - 2*y. Let j be -6 - -9 - (-117)/3. Calculate the greatest common divisor of j and y.
14
Let x(n) = -n**3 + 7*n**2 - 6*n + 4. Let d be x(6). Let h(q) = 4*q**2 + 3*q - 4. Let k be h(d). What is the highest common factor of 9 and k?
9
Suppose -2*f - 2*p - 5 = -47, 38 = 2*f + 4*p. Calculate the highest common divisor of f and 7.
1
Let v = 958 - 566. What is the greatest common factor of v and 49?
49
Let t = -70 - -76. What is the greatest common factor of 42 and t?
6
Let q be 32306/203 - 30/(-35). Calculate the greatest common divisor of 96 and q.
32
Let a be (-5 - -6) + 43*1. Suppose 2*r - a + 18 = 0. Calculate the highest common factor of r and 52.
13
Let w be 2 + -3 - (-3 + -3). Suppose -w*k + 145 = -u, -177 = 4*u - 3*u + 3*k. Let y be (-1)/(1 + 168/u). Calculate the greatest common divisor of 5 and y.
5
Suppose 4*p = -4*m + 152, -3*m - 35 = -3*p + 61. What is the highest common factor of 105 and p?
35
Suppose y = -5*v - 4, -5*y + v = -0*v - 84. Let n be (2/3)/(y/312). What is the greatest common factor of n and 39?
13
Let t be 3828/174 + -1*7. Suppose -20 = -2*x - 2*h + h, -5*x = 3*h - 50. Calculate the greatest common factor of x and t.
5
Let g(h) = 57*h - 375. Let y be g(7). What is the greatest common divisor of y and 672?
24
Suppose 5*b + c - 1450 = 1600, -5*c + 1830 = 3*b. Calculate the greatest common divisor of b and 10.
10
Suppose -5*f - 7*s = -3*s - 9520, 4*s = 5*f - 9560. Calculate the greatest common factor of 36 and f.
36
Suppose -18*d = -16*d + 58. Let f = d - -37. What is the highest common divisor of 2 and f?
2
Let a be -34*2/(4 + -6). Suppose -2*t + 25 + 723 = 0. Calculate the highest common factor of a and t.
34
Let n(l) be the first derivative of -5*l**2/2 + l + 17. Let w be n(-4). What is the highest common factor of w and 231?
21
Let q = -173 - -712. Suppose -q = 6*y - 13*y. Calculate the greatest common factor of 7 and y.
7
Let i = 44 - 50. Let p(d) = -3*d - 4. Let x be p(i). What is the greatest common factor of 2 and x?
2
Let b(r) = 7*r + 16. Let g be b(-2). Let u be 4 - 3 - g - -30. What is the highest common factor of u and 116?
29
Let l be 28 + (3 - (0 + 9)). What is the highest common factor of l and 1826?
22
Let j be 9/(-12)*-8*(0 + 3). Let r = 4 + j. Calculate the greatest common factor of r and 11.
11
Suppose -16 = s - 2*s. Let w = -32 + 29. Let i(g) = 13*g**2 - 6*g - 7. Let b be i(w). What is the greatest common factor of s and b?
16
Suppose -3*g + 2*n = -22, -3*g + 25 - 1 = -3*n. Let b be 969/g - (-1)/(-2). Let o = 394 + -371. Calculate the highest common divisor of o and b.
23
Let i(c) = -4 - 6 - 20*c**2 - 10*c + 19*c**2 + 1. Let o be i(-7). Let r = 33 + o. What is the greatest common divisor of r and 18?
9
Let c be ((-2904)/1089)/((-4)/9). Let j be -2 + 2 + (-1 - -8). Suppose l + 1 = j. What is the highest common divisor of l and c?
6
Let h(b) = 56*b + 513. Let q be h(-9). What is the highest common factor of q and 288?
9
Let z(m) = 3*m**2 - 24*m + 8. Let r be z(8). Let w(i) = i**3 - i**2 + 4*i. Let s be w(4). Calculate the greatest common divisor of r and s.
8
Suppose 7*a = 2 + 19. Let u be 195/9 + (-2)/a. Calculate the greatest common divisor of u and 14.
7
Suppose 2*t - 12 + 4 = 0. Suppose 2 + 3 = b + y, 4*b - 28 = t*y. Calculate the greatest common divisor of 18 and b.
6
Let r be -20*(0 + (-6)/4). Let n(l) = -5*l - 29. Let w = -83 - -76. Let o be n(w). What is the highest common divisor of r and o?
6
Let c = 761 - 737. Calculate the highest common divisor of 384 and c.
24
Let i(s) = -13*s + 10. Let o be i(8). Let c = 262 + o. Let b = 46 + -25. What is the highest common factor of c and b?
21
Suppose 0 = n - 2, -58 = 4*m + 5*n - 0*n. Let j = -23 - m. Let x = j + 25. Calculate the greatest common divisor of 76 and x.
19
Suppose 0 = 5*x + 5*s - 20, -x - 4*s - 20 = -6*x. Calculate the highest common divisor of 14 and x.
2
Suppose -35 = -4*s - 5*f - 10, s - 9 = -4*f. Suppose 0*m + 15 = 2*m - 5*b, m - 5*b - s = 0. Suppose 4 + m = i. Calculate the greatest common factor of i and 70.
14
Suppose 31*j - 129850 = -22*j. What is the highest common divisor of j and 49?
49
Let l = 1 + 549. Calculate the highest common factor of 22 and l.
22
Suppose -3*h + c + 150 = 0, 16*c = 2*h + 17*c - 100. Let a = -8 - -28. Calculate the greatest common divisor of h and a.
10
Let r(g) = g**2 + 3*g + 14. Let f = -15 - -22. Let p be r(f). W